2528a6 + 2?
892528a8
In base 16, what is -1136 - -6a25?
58ef
In base 13, what is -3aac - -3851?
-25b
In base 2, what is 100001001 + 110111111110000?
111000011111001
In base 6, what is 222 + -1233344200?
-1233343534
In base 3, what is -1001101 + -2012102010011?
-2012110011112
In base 11, what is -4 - -453989?
453985
In base 9, what is -3 + -12234371?
-12234374
In base 5, what is -3432232 + -110321?
-4043103
In base 10, what is 8 - -11978444?
11978452
In base 14, what is 1b55a5 - -3?
1b55a8
In base 3, what is -10121100002 - 11111?
-10121111120
In base 15, what is 4 + -5a3536?
-5a3532
In base 2, what is -10100 - -1011000001101101?
1011000001011001
In base 16, what is -8b4314 + -4?
-8b4318
In base 5, what is 1014 + -101123231?
-101122212
In base 5, what is 114241013 - 1?
114241012
In base 13, what is 4741 - 3294?
147a
In base 11, what is 3282 - -248a?
5761
In base 8, what is -12607231 - 471?
-12607722
In base 9, what is 1 - -147012784?
147012785
In base 14, what is -85b5b8c + 5?
-85b5b87
In base 11, what is 1203493 + -38?
1203456
In base 11, what is -236a0a64 + -5?
-236a0a69
In base 8, what is -163002 - 14?
-163016
In base 12, what is -22 - 1a0344?
-1a0366
In base 3, what is 10 + 222112110210?
222112110220
In base 14, what is a20c73 - 0?
a20c73
In base 7, what is -122114 - -1636?
-120145
In base 15, what is 2355c + 896?
23e03
In base 10, what is -3 - -435824?
435821
In base 14, what is 7a4c8 - -53?
7a53b
In base 10, what is 19 - 599608?
-599589
In base 2, what is -100000010111 - -110111100101001110?
110111000100110111
In base 9, what is -1634607 + -138?
-1634746
In base 15, what is e7 - -69b3?
6aaa
In base 5, what is -34114001033 - -2?
-34114001031
In base 13, what is -2 + 5c209c?
5c209a
In base 4, what is 3 - 1100021320321?
-1100021320312
In base 16, what is 186ce9f + -3?
186ce9c
In base 9, what is -350 + -1056504?
-1056854
In base 7, what is -5 - 1230333661?
-1230333666
In base 13, what is 10640 - -17b?
107bb
In base 16, what is -2a7faa + 16f?
-2a7e3b
In base 14, what is -2477cb4 - 4?
-2477cb8
In base 8, what is 3 - -47340206?
47340211
In base 8, what is -562156 + -14525?
-576703
In base 3, what is -21222011 + 1020110?
-20201201
In base 14, what is -4 - 23081184?
-23081188
In base 9, what is -1 - 46535484?
-46535485
In base 13, what is -51123 - -1?
-51122
In base 13, what is 1 - 248472?
-248471
In base 8, what is 5 - -12361012?
12361017
In base 7, what is -42131 + 114446?
42315
In base 10, what is 15 + -5129602?
-5129587
In base 10, what is 69030905 - -1?
69030906
In base 15, what is -631 - 1473?
-1aa4
In base 10, what is -3 - -7230248?
7230245
In base 9, what is 16517 - -672?
17300
In base 13, what is -3819c1b + -26?
-3819c44
In base 15, what is -2208 + 6ed6?
4ccd
In base 5, what is -13 - -1330024431?
1330024413
In base 10, what is -906 - -38735?
37829
In base 2, what is -101100010111000 + 111111001?
-101011010111111
In base 11, what is -5 - 1068916a?
-10689174
In base 15, what is -1ca0b526 - -4?
-1ca0b522
In base 13, what is -2a + -113564?
-113591
In base 16, what is c + 32285a?
322866
In base 8, what is -3742565 - 4?
-3742571
In base 10, what is -201279768 - -3?
-201279765
In base 13, what is -398 - 3b891?
-3bc59
In base 15, what is -1493e3 + 24?
-1493be
In base 9, what is 27432 - -2282?
30724
In base 7, what is -4433010 - 31?
-4433041
In base 15, what is -123 + -10c1?
-11e4
In base 10, what is -1 - -188072390?
188072389
In base 15, what is -d5771 + 4a?
-d5726
In base 4, what is -303 - -1313130202?
1313123233
In base 16, what is -4fd + -7987b?
-79d78
In base 6, what is -150035545 + -301?
-150040250
In base 6, what is 2 - -13242425404?
13242425410
In base 7, what is 316 - 3450602?
-3450253
In base 11, what is -1 + 81755914?
81755913
In base 8, what is 120 + -17442424?
-17442304
In base 2, what is -111 - 10010000111101110001100?
-10010000111101110010011
In base 6, what is 354203031 - -12?
354203043
In base 8, what is 10174046 + -5?
10174041
In base 12, what is 7055a281 + 5?
7055a286
In base 10, what is 3673467 - -3?
3673470
In base 5, what is 24 + -11243302?
-11243223
In base 2, what is -10000110111100101011000101101 + -1?
-10000110111100101011000101110
In base 10, what is 21 + -2410595?
-2410574
In base 5, what is 1241014 + 240?
1241304
In base 9, what is 15 - -1688706?
1688722
In base 11, what is -4022641 - -7?
-4022635
In base 9, what is 7 - 5475457?
-5475450
In base 6, what is -4003324 + 220?
-4003104
In base 16, what is -20498 - 6c2?
-20b5a
In base 15, what is -29c5b31 - -4?
-29c5b2c
In base 6, what is 102400454 - -310?
102401204
In base 13, what is -456 + 20712?
20289
In base 12, what is 37 - -155654?
15568b
In base 16, what is 175896 - -2?
175898
In base 8, what is -21 + 5734136?
5734115
In base 13, what is -8682a3 + -2c?
-868302
In base 4, what is 11120 - -112320?
130100
In base 16, what is -121a7b + 0?
-121a7b
In base 12, what is -3 - -197b3354?
197b3351
In base 16, what is -5 + -c80ce8?
-c80ced
In base 14, what is -1380c63 - 1?
-1380c64
In base 5, what is -1033123223 + 10?
-1033123213
In base 9, what is -1743448 - -6?
-1743442
In base 2, what is 101101110000111110000101 - 1000101?
101101110000111101000000
In base 12, what is 28a9b815 - 4?
28a9b811
In base 12, what is 5 + -4949030?
-4949027
In base 11, what is -5508 - 44733?
-4a140
In base 12, what is -1 - -17091587?
17091586
In base 5, what is 411 + -13302300?
-13301334
In base 15, what is -7 - -4b1c816?
4b1c80e
In base 3, what is -11 + -200201122011200?
-200201122011211
In base 8, what is 632773071 + -2?
632773067
In base 5, what is -10 - 111024201110?
-111024201120
In base 9, what is -14 + -3038216?
-3038231
In base 4, what is -100 + -333032301003?
-333032301103
In base 9, what is 11 - -14002667?
14002678
In base 7, what is -24042143 - 64?
-24042240
In base 13, what is -31 - 8a6b8?
-8a719
In base 8, what is -15502 - 3653?
-21355
In base 6, what is 22300020 + 3213?
22303233
In base 8, what is 310 + 14707726?
14710236
In base 6, what is -522203545 + 3?
-522203542
In base 5, what is 3003 + 3341030?
3344033
In base 8, what is -2021461 - -131?
-2021330
In base 9, what is -6 + -62727270?
-62727276
In base 3, what is 1 + 202221201121222?
202221201122000
In base 14, what is -7 + 8abb9?
8abb2
In base 8, what is 4 + -5654775?
-5654771
In base 11, what is -368 + -91270?
-91628
In base 6, what is -12 + 2043051101?
2043051045
In base 12, what is -1745a4 + 31?
-174573
In base 5, what is -4214 + -43014?
-102233
In base 12, what is -22 - 37a457?
-37a479
In base 16, what is -76 + 13282?
1320c
In base 15, what is -17 + 656574?
65655c
In base 12, what is 4 - 39840a0?
-3984098
In base 6, what is -502500 - 0?
-502500
In base 12, what is 3858a26 - -5?
3858a2b
In base 5, what is 4143 - 230203?
-221010
In base 14, what is -18d3d + -51?
-18d90
In base 10, what is 0 + -80733242?
-80733242
In base 8, what is 177415222 + -12?
177415210
In base 5, what is 3213322 - -22003?
3240330
In base 14, what is 5 - b5c50c8?
-b5c50c3
In base 10, what is 287061 + -22?
287039
In base 9, what is 455288 - -118?
455417
In base 16, what is 0 + -2713c3?
-2713c3
In base 4, what is -1100103312032 + -3?
-1100103312101
In base 7, what is -344261550 - 4?
-344261554
In base 8, what is -4 - -115031577?
115031573
In base 13, what is -20 + -6a3353?
-6a3373
In base 12, what is 254492 - -3?
254495
In base 11, what is -56a4380 - -8?
-56a4373
In base 6, what is 13 + -105532530?
-105532513
In base 10, what is -2671 - -444?
-2227
In base 3, what is 21020212201110 - -102?
21020212201212
In base 15, what is 3343 + -bed6?
-8b93
In base 8, what is 2471074 - 1356?
2467516
In base 7, what is -23261210 - -11?
-23261166
In base 10, what is 926 - 7490?
-6564
In base 16, what is 19 + 13851ad?
13851c6
In base 8, what is -64 + -2464?
-2550
In base 14, what is 0 + -2361ab2?
-2361ab2
In base 5, what is 303102221 + -11?
303102210
In base 7, what is -235626 + -565?
-236524
In base 16, what is -d - -21085?
21078
In base 11, what is 5968724 + -1?
5968723
In base 5, what is -12102410 - -11320?
-12041040
In base 2, what is -1010001010111 - -11100011?
-1001101110100
In base 16, what is 1e3d9b - 1?
1e3d9a
In base 13, what is -11a7b2 + c?
-11a7a3
In base 7, what is 11 - -150650?
150661
In base 13, what is 52c776a - -5?
52c7772
In base 12, what is 5 + 16975909?
1